{"id":93,"date":"2018-10-24T04:04:01","date_gmt":"2018-10-24T04:04:01","guid":{"rendered":"https:\/\/futuriodemos.com\/default-demo\/?page_id=93"},"modified":"2021-03-14T13:20:09","modified_gmt":"2021-03-14T12:20:09","slug":"wspolpraca","status":"publish","type":"page","link":"https:\/\/www.entramed.pl\/index.php\/wspolpraca\/","title":{"rendered":"Wsp\u00f3\u0142praca"},"content":{"rendered":"\t\t<div data-elementor-type=\"wp-page\" data-elementor-id=\"93\" class=\"elementor elementor-93\" data-elementor-settings=\"[]\">\n\t\t\t<div class=\"elementor-inner\">\n\t\t\t\t<div class=\"elementor-section-wrap\">\n\t\t\t\t\t\t\t<section class=\"elementor-element elementor-element-db8b2bf elementor-section-boxed elementor-section-height-default elementor-section-height-default elementor-section elementor-top-section\" data-id=\"db8b2bf\" data-element_type=\"section\">\n\t\t\t\t\t\t<div class=\"elementor-container elementor-column-gap-default\">\n\t\t\t\t<div class=\"elementor-row\">\n\t\t\t\t<div class=\"elementor-element elementor-element-75d88be elementor-column elementor-col-50 elementor-top-column\" data-id=\"75d88be\" data-element_type=\"column\">\n\t\t\t<div class=\"elementor-column-wrap  elementor-element-populated\">\n\t\t\t\t\t<div class=\"elementor-widget-wrap\">\n\t\t\t\t<div class=\"elementor-element elementor-element-2893b8d elementor-widget elementor-widget-image\" data-id=\"2893b8d\" data-element_type=\"widget\" data-widget_type=\"image.default\">\n\t\t\t\t<div class=\"elementor-widget-container\">\n\t\t\t\t\t<div class=\"elementor-image\">\n\t\t\t\t\t\t\t\t\t\t<img width=\"1024\" height=\"1024\" src=\"https:\/\/www.entramed.pl\/wp-content\/uploads\/2021\/03\/IMG-20210311-WA0000-1024x1024.jpg\" class=\"attachment-large size-large\" alt=\"shop-photo-outside\" loading=\"lazy\" srcset=\"https:\/\/www.entramed.pl\/wp-content\/uploads\/2021\/03\/IMG-20210311-WA0000-1024x1024.jpg 1024w, https:\/\/www.entramed.pl\/wp-content\/uploads\/2021\/03\/IMG-20210311-WA0000-300x300.jpg 300w, https:\/\/www.entramed.pl\/wp-content\/uploads\/2021\/03\/IMG-20210311-WA0000-150x150.jpg 150w, https:\/\/www.entramed.pl\/wp-content\/uploads\/2021\/03\/IMG-20210311-WA0000-768x768.jpg 768w, https:\/\/www.entramed.pl\/wp-content\/uploads\/2021\/03\/IMG-20210311-WA0000-1536x1536.jpg 1536w, https:\/\/www.entramed.pl\/wp-content\/uploads\/2021\/03\/IMG-20210311-WA0000-225x225.jpg 225w, https:\/\/www.entramed.pl\/wp-content\/uploads\/2021\/03\/IMG-20210311-WA0000-600x600.jpg 600w, https:\/\/www.entramed.pl\/wp-content\/uploads\/2021\/03\/IMG-20210311-WA0000-100x100.jpg 100w, https:\/\/www.entramed.pl\/wp-content\/uploads\/2021\/03\/IMG-20210311-WA0000.jpg 1600w\" sizes=\"(max-width: 1024px) 100vw, 1024px\" \/>\t\t\t\t\t\t\t\t\t\t\t<\/div>\n\t\t\t\t<\/div>\n\t\t\t\t<\/div>\n\t\t\t\t\t\t<\/div>\n\t\t\t<\/div>\n\t\t<\/div>\n\t\t\t\t<div class=\"elementor-element elementor-element-4f28ea0 elementor-column elementor-col-50 elementor-top-column\" data-id=\"4f28ea0\" data-element_type=\"column\">\n\t\t\t<div class=\"elementor-column-wrap  elementor-element-populated\">\n\t\t\t\t\t<div class=\"elementor-widget-wrap\">\n\t\t\t\t<div class=\"elementor-element elementor-element-8bb9410 elementor-widget elementor-widget-text-editor\" data-id=\"8bb9410\" data-element_type=\"widget\" data-widget_type=\"text-editor.default\">\n\t\t\t\t<div class=\"elementor-widget-container\">\n\t\t\t\t\t<div class=\"elementor-text-editor elementor-clearfix\"><h3 style=\"text-align: center;\">Jeste\u015b dostawc\u0105 i chcesz sprzedawa\u0107 u nas swoje produkty? A mo\u017ce chcesz porozmawia\u0107 o innych formach wsp\u00f3\u0142pracy?<\/h3>\n<h3 style=\"text-align: center;\">Skontaktuj si\u0119 z nami: <\/h3>\n<h4 style=\"text-align: center;\"> <a href=\"mailto:biuro@entramed.pl\">biuro@entramed.pl<\/a>\n\/ \n<a href=\"mailto:sklep@entramed.pl\">sklep@entramed.pl<\/a>\n<\/br>\n+ 48 791 623 218\n<\/h4>\n&nbsp;<\/div>\n\t\t\t\t<\/div>\n\t\t\t\t<\/div>\n\t\t\t\t\t\t<\/div>\n\t\t\t<\/div>\n\t\t<\/div>\n\t\t\t\t\t\t<\/div>\n\t\t\t<\/div>\n\t\t<\/section>\n\t\t\t\t<section class=\"elementor-element elementor-element-e9cf5f6 elementor-section-boxed elementor-section-height-default elementor-section-height-default elementor-section elementor-top-section\" data-id=\"e9cf5f6\" data-element_type=\"section\">\n\t\t\t\t\t\t<div class=\"elementor-container elementor-column-gap-default\">\n\t\t\t\t<div class=\"elementor-row\">\n\t\t\t\t<div class=\"elementor-element elementor-element-7a4e1c0 elementor-column elementor-col-100 elementor-top-column\" data-id=\"7a4e1c0\" data-element_type=\"column\">\n\t\t\t<div class=\"elementor-column-wrap  elementor-element-populated\">\n\t\t\t\t\t<div class=\"elementor-widget-wrap\">\n\t\t\t\t<div class=\"elementor-element elementor-element-dcb0429 elementor-widget elementor-widget-image\" data-id=\"dcb0429\" data-element_type=\"widget\" data-widget_type=\"image.default\">\n\t\t\t\t<div class=\"elementor-widget-container\">\n\t\t\t\t\t<div class=\"elementor-image\">\n\t\t\t\t\t\t\t\t\t\t<img src=\"https:\/\/www.entramed.pl\/wp-content\/uploads\/2019\/11\/IMG-20191103-WA0000.jpg\" title=\"\" alt=\"\" \/>\t\t\t\t\t\t\t\t\t\t\t<\/div>\n\t\t\t\t<\/div>\n\t\t\t\t<\/div>\n\t\t\t\t\t\t<\/div>\n\t\t\t<\/div>\n\t\t<\/div>\n\t\t\t\t\t\t<\/div>\n\t\t\t<\/div>\n\t\t<\/section>\n\t\t\t\t\t\t<\/div>\n\t\t\t<\/div>\n\t\t<\/div>\n\t\t","protected":false},"excerpt":{"rendered":"<p>Jeste\u015b dostawc\u0105 i chcesz sprzedawa\u0107 u nas swoje produkty? A mo\u017ce chcesz porozmawia\u0107 o innych formach wsp\u00f3\u0142pracy? Skontaktuj si\u0119 z nami: biuro@entramed.pl \/ sklep@entramed.pl + 48 791 623 218 &nbsp;<\/p>\n","protected":false},"author":1,"featured_media":0,"parent":0,"menu_order":0,"comment_status":"closed","ping_status":"closed","template":"","meta":[],"_links":{"self":[{"href":"https:\/\/www.entramed.pl\/index.php\/wp-json\/wp\/v2\/pages\/93"}],"collection":[{"href":"https:\/\/www.entramed.pl\/index.php\/wp-json\/wp\/v2\/pages"}],"about":[{"href":"https:\/\/www.entramed.pl\/index.php\/wp-json\/wp\/v2\/types\/page"}],"author":[{"embeddable":true,"href":"https:\/\/www.entramed.pl\/index.php\/wp-json\/wp\/v2\/users\/1"}],"replies":[{"embeddable":true,"href":"https:\/\/www.entramed.pl\/index.php\/wp-json\/wp\/v2\/comments?post=93"}],"version-history":[{"count":11,"href":"https:\/\/www.entramed.pl\/index.php\/wp-json\/wp\/v2\/pages\/93\/revisions"}],"predecessor-version":[{"id":564,"href":"https:\/\/www.entramed.pl\/index.php\/wp-json\/wp\/v2\/pages\/93\/revisions\/564"}],"wp:attachment":[{"href":"https:\/\/www.entramed.pl\/index.php\/wp-json\/wp\/v2\/media?parent=93"}],"curies":[{"name":"wp","href":"https:\/\/api.w.org\/{rel}","templated":true}]}}